 of 1945?
False
Is 73 a factor of 20148?
True
Is 5 a factor of 2303?
False
Is 50 a factor of 633?
False
Is 37 a factor of 1887?
True
Is 58 a factor of 1334?
True
Does 12 divide 84525?
False
Is 490 a multiple of 26?
False
Is 14224 a multiple of 8?
True
Does 12 divide 1076?
False
Is 6 a factor of 7285?
False
Is 32857 a multiple of 8?
False
Is 314 a factor of 20096?
True
Is 128 a multiple of 4?
True
Is 2 a factor of 468?
True
Is 15 a factor of 5263?
False
Is 242 a factor of 11036?
False
Does 42 divide 3444?
True
Does 37 divide 2178?
False
Is 7 a factor of 17486?
True
Is 108 a factor of 6919?
False
Is 101 a factor of 56962?
False
Is 26 a factor of 2730?
True
Is 36 a factor of 429?
False
Does 27 divide 297?
True
Is 33 a factor of 3069?
True
Is 1328 a multiple of 8?
True
Is 48 a multiple of 24?
True
Does 102 divide 918?
True
Is 13 a factor of 41237?
False
Is 3858 even?
True
Is 28 a factor of 3573?
False
Does 6 divide 144?
True
Is 4 a factor of 66?
False
Is 214 a multiple of 40?
False
Is 1487 a multiple of 50?
False
Does 5 divide 35?
True
Is 53 a factor of 2726?
False
Is 11 a factor of 666?
False
Does 64 divide 18240?
True
Does 18 divide 47266?
False
Is 8 a factor of 8483?
False
Is 109 a factor of 2787?
False
Does 102 divide 37591?
False
Is 4454 a multiple of 63?
False
Is 52 a multiple of 13?
True
Is 406 a multiple of 7?
True
Is 1850 a multiple of 185?
True
Is 540 a multiple of 3?
True
Is 2470 a multiple of 38?
True
Is 2761 a multiple of 11?
True
Is 90 a multiple of 3?
True
Does 52 divide 49556?
True
Is 12809 a multiple of 28?
False
Is 4596 a multiple of 6?
True
Does 204 divide 2164?
False
Is 12840 a multiple of 60?
True
Is 7152 a multiple of 3?
True
Is 5 a factor of 4245?
True
Is 44 a factor of 2288?
True
Is 11290 a multiple of 49?
False
Does 69 divide 7390?
False
Is 60 a factor of 131340?
True
Is 83272 a multiple of 8?
True
Is 9 a factor of 1575?
True
Does 94 divide 479?
False
Is 3990 a multiple of 42?
True
Is 2 a factor of 10777?
False
Is 567 a multiple of 21?
True
Does 10 divide 153?
False
Is 876 a multiple of 6?
True
Does 88 divide 15928?
True
Is 727 a multiple of 85?
False
Does 23 divide 3335?
True
Is 4 a factor of 374?
False
Is 23 a factor of 2630?
False
Is 22 a factor of 8948?
False
Does 5 divide 55?
True
Is 3534 a multiple of 42?
False
Is 132 a multiple of 22?
True
Is 24 a factor of 1608?
True
Is 259 a multiple of 19?
False
Does 18 divide 63630?
True
Is 139 a multiple of 8?
False
Is 7 a factor of 251?
False
Is 4444 a multiple of 66?
False
Is 425 a multiple of 5?
True
Does 14 divide 1932?
True
Is 3 a factor of 7379?
False
Is 6 a factor of 2693?
False
Is 9 a factor of 5289?
False
Does 6 divide 159?
False
Does 13 divide 2743?
True
Is 16407 a multiple of 166?
False
Does 191 divide 22898?
False
Is 11 a factor of 187?
True
Does 12 divide 204?
True
Does 18 divide 453?
False
Does 7 divide 9296?
True
Does 13 divide 1184?
False
Does 41 divide 2665?
True
Is 56637 a multiple of 154?
False
Does 14 divide 272?
False
Is 4050 a multiple of 18?
True
Is 31 a factor of 434?
True
Does 37 divide 74?
True
Is 15821 a multiple of 69?
False
Is 7 a factor of 349?
False
Is 46 a factor of 171?
False
Does 3 divide 186?
True
Is 20 a factor of 5387?
False
Is 27 a factor of 297?
True
Does 27 divide 3726?
True
Is 15813 a multiple of 251?
True
Is 25398 a multiple of 17?
True
Does 27 divide 12717?
True
Does 80 divide 444?
False
Is 29 a factor of 41673?
True
Does 13 divide 4350?
False
Is 368 a multiple of 28?
False
Is 37 a factor of 243?
False
Is 3162 a multiple of 31?
True
Is 31 a factor of 2170?
True
Does 2 divide 34?
True
Is 29 a factor of 1540?
False
Does 79 divide 64656?
False
Is 41 a factor of 1312?
True
Is 2 a factor of 739?
False
Does 114 divide 2251?
False
Does 2 divide 36?
True
Is 15 a factor of 8775?
True
Does 2 divide 2093?
False
Does 79 divide 553?
True
Is 22 a factor of 506?
True
Does 26 divide 44408?
True
Is 14 a factor of 19966?
False
Is 5405 a multiple of 81?
False
Does 8 divide 454?
False
Does 22 divide 44?
True
Does 16 divide 576?
True
Does 13 divide 175?
False
Is 7876 a multiple of 26?
False
Does 5 divide 270?
True
Does 12 divide 24?
True
Does 14 divide 7504?
True
Does 60 divide 720?
True
Is 15 a factor of 281?
False
Is 2082 a multiple of 77?
False
Is 10 a factor of 1587?
False
Is 10 a factor of 14611?
False
Is 111 a factor of 8271?
False
Does 12 divide 22117?
False
Does 72 divide 16344?
True
Does 81 divide 28512?
True
Is 3764 a multiple of 5?
False
Does 21 divide 3809?
False
Does 13 divide 446?
False
Does 53 divide 3250?
False
Is 25 a factor of 25?
True
Does 56 divide 4144?
True
Is 176 a multiple of 4?
True
Does 35 divide 1085?
True
Does 21 divide 16716?
True
Does 4 divide 1119?
False
Is 9355 a multiple of 159?
False
Is 133 a factor of 53694?
False
Is 31132 a multiple of 43?
True
Is 45564 a multiple of 211?
False
Is 48 a factor of 22975?
False
Does 12 divide 1584?
True
Is 11724 a multiple of 119?
False
Is 230 a multiple of 28?
False
Is 1112 a multiple of 18?
False
Is 480 a multiple of 32?
True
Does 15 divide 4525?
False
Is 7785 a multiple of 8?
False
Is 4 a factor of 28?
True
Does 34 divide 531?
False
Is 8 a factor of 30104?
True
Is 280 a factor of 19600?
True
Is 288 a factor of 47884?
False
Is 1529 a multiple of 6?
False
Does 23 divide 10304?
True
Is 15015 a multiple of 55?
True
Is 5918 a multiple of 88?
False
Does 26 divide 9256?
True
Does 2 divide 5?
False
Is 3 a factor of 42?
True
Is 3 a factor of 2154?
True
Is 62 a factor of 1302?
True
Is 8 a factor of 6021?
False
Is 1254 a multiple of 66?
True
Is 2161 a multiple of 66?
False
Does 37 divide 1111?
False
Does 14 divide 144?
False
Is 11 a factor of 841?
False
Does 32 divide 75817?
False
Is 133 a factor of 798?
True
Does 19 divide 34390?
True
Is 1027 a multiple of 13?
True
Does 29 divide 34539?
True
Is 1281 a multiple of 12?
False
Does 12 divide 472?
False
Is 6987 a multiple of 48?
False
Is 25 a factor of 2800?
True
Does 15 divide 12711?
False
Does 10 divide 530?
True
Does 46 divide 15774?
False
Does 35 divide 3310?
False
Does 20 divide 1080?
True
Does 8 divide 600?
True
Does 9 divide 4122?
True
Is 37700 a multiple of 32?
False
Does 20 divide 140?
True
Is 8820 a multiple of 36?
True
Is 5688 a multiple of 20?
False
Is 32 a factor of 818?
False
Is 16 a factor of 4111?
False
Does 24 divide 2587?
False
Does 9 divide 8209?
False
Is 26 a factor of 161?
False
Does 26 divide 910?
True
Does 21 divide 24928?
False
Does 156 divide 8892?
True
Is 630 a multiple of 15?
True
Is 68 a factor of 15971?
False
Is 1611 a multiple of 17?
False
Is 5 a factor of 160?
True
Does 16 divide 384?
True
Is 515 a multiple of 2?
False
Is 6 a factor of 1134?
True
Does 20 divide 145?
False
Is 975 a multiple of 15?
True
Is 13 a factor of 12224?
False
Does 16 divide 35127?
False
Does 234 divide 244?
False
Is 94 a factor of 5170?
True
Does 55 divide 220?
True
Is 9966 a multiple of 66?
True
Is 139 a factor of 23428?
False
Does 14 divide 17164?
True
Is 5838 a multiple of 162?
False
Is 24 a factor of 2341?
False
Is 585 a multiple of 65?
True
Is 1900 a multiple of 25?
True
Is 132 a factor of 26136?
True
Is 8205 a multiple of 15?
True
Is 127 a factor of 2286?
True
Does 92 divide 5126?
False
Does 7 divide 2684?
False
Does 9 divide 1231?
False
Does 92 divide 929?
False
Is 1326 a multiple of 13?
True
Does 14 divide 58454?
False
Is 595 a multiple of 5?
True
Is 15276 a multiple of 12?
True
Is 1750 a multiple of 125?
True
Is 43 a factor of 18619?
True
Does 22 divide 3916?
True
Is 8 a factor of 336?
True
Is 27405 a multiple of 145?
True
Does 22 divide 7370?
True
Does 5 divide 1035?
True
Is 62 a factor of 23870?
True
Does 189 divide 32130?
True
Is 8 a factor of 480?
True
Is 4118 a multiple of 29?
True
Is 171 a factor of 17784?
True
Is 63 a factor of 2325?
False
Does 12 divide 39032?
False
Is 31 a factor of 13516?
True
Is 36 a factor of 3111?
False
Does 65 divide 44859?
False
Does 19 divide 1007?
True
Is 58 a multiple of 5?
False
Does 4 divide 283?
False
Is 5 a factor of 7310?
True
Is 21 a factor of 3801?
True
Is 276 a factor of 30295?
False
Is 67 a factor of 402?
True
Is 19522 a multiple of 2?
True
Is 403 a multiple of 108?
False
Does 26 divide 62894?
True
Does 2 divide 1909?
False
Is 4672 a multiple of 4?
True
Is 13 a factor of 15?
False
Is 3 a fact